{"id":47,"date":"2022-09-29T14:33:22","date_gmt":"2022-09-29T12:33:22","guid":{"rendered":"https:\/\/pursuit.se\/?page_id=47"},"modified":"2025-11-11T12:14:49","modified_gmt":"2025-11-11T11:14:49","slug":"butik","status":"publish","type":"page","link":"https:\/\/pursuit.se\/?page_id=47","title":{"rendered":"Butik"},"content":{"rendered":"<p>[et_pb_section fb_built=&#8221;1&#8243; admin_label=&#8221;Hero Section&#8221; _builder_version=&#8221;4.18.0&#8243; use_background_color_gradient=&#8221;on&#8221; background_color_gradient_stops=&#8221;rgba(0,0,0,0.5) 0%|rgba(0,0,0,0) 100%&#8221; background_color_gradient_start=&#8221;rgba(0,0,0,0.5)&#8221; background_color_gradient_end=&#8221;rgba(0,0,0,0)&#8221; background_image=&#8221;https:\/\/pursuit.se\/wp-content\/uploads\/2022\/09\/produkter-top.jpg&#8221; parallax=&#8221;on&#8221; custom_margin=&#8221;|||&#8221; custom_padding=&#8221;16%||20%|&#8221; da_disable_devices=&#8221;off|off|off&#8221; global_colors_info=&#8221;{}&#8221; da_is_popup=&#8221;off&#8221; da_exit_intent=&#8221;off&#8221; da_has_close=&#8221;on&#8221; da_alt_close=&#8221;off&#8221; da_dark_close=&#8221;off&#8221; da_not_modal=&#8221;on&#8221; da_is_singular=&#8221;off&#8221; da_with_loader=&#8221;off&#8221; da_has_shadow=&#8221;on&#8221;][et_pb_row _builder_version=&#8221;4.16&#8243; background_size=&#8221;initial&#8221; background_position=&#8221;top_left&#8221; background_repeat=&#8221;repeat&#8221; global_colors_info=&#8221;{}&#8221;][et_pb_column type=&#8221;4_4&#8243; _builder_version=&#8221;4.16&#8243; custom_padding=&#8221;|||&#8221; global_colors_info=&#8221;{}&#8221; custom_padding__hover=&#8221;|||&#8221;][et_pb_text admin_label=&#8221;Title&#8221; _builder_version=&#8221;4.16&#8243; text_font_size=&#8221;22px&#8221; text_line_height=&#8221;1.4em&#8221; header_font=&#8221;Quattrocento|||on|||||&#8221; header_text_align=&#8221;center&#8221; header_font_size=&#8221;80px&#8221; header_letter_spacing=&#8221;6px&#8221; header_line_height=&#8221;1.4em&#8221; text_orientation=&#8221;center&#8221; background_layout=&#8221;dark&#8221; max_width=&#8221;800px&#8221; module_alignment=&#8221;center&#8221; animation_style=&#8221;slide&#8221; animation_direction=&#8221;top&#8221; animation_intensity_slide=&#8221;3%&#8221; animation_starting_opacity=&#8221;100%&#8221; header_font_size_tablet=&#8221;40px&#8221; header_font_size_phone=&#8221;&#8221; header_font_size_last_edited=&#8221;on|tablet&#8221; global_colors_info=&#8221;{}&#8221;]<\/p>\n<h1>Produkter<\/h1>\n<p>[\/et_pb_text][\/et_pb_column][\/et_pb_row][\/et_pb_section][et_pb_section fb_built=&#8221;1&#8243; admin_label=&#8221;Feature Section&#8221; _builder_version=&#8221;4.16&#8243; background_image=&#8221;https:\/\/pursuit.se\/wp-content\/uploads\/2022\/09\/tea_shop_42.jpg&#8221; background_position=&#8221;center_right&#8221; max_width=&#8221;88%&#8221; custom_margin=&#8221;-6%|||&#8221; custom_padding=&#8221;120px||120px|&#8221; animation_style=&#8221;slide&#8221; animation_direction=&#8221;left&#8221; animation_intensity_slide=&#8221;2%&#8221; animation_starting_opacity=&#8221;100%&#8221; da_disable_devices=&#8221;off|off|off&#8221; box_shadow_style=&#8221;preset3&#8243; box_shadow_vertical=&#8221;80px&#8221; box_shadow_blur=&#8221;120px&#8221; box_shadow_spread=&#8221;-60px&#8221; box_shadow_color=&#8221;rgba(63,63,31,0.3)&#8221; global_colors_info=&#8221;{}&#8221; da_is_popup=&#8221;off&#8221; da_exit_intent=&#8221;off&#8221; da_has_close=&#8221;on&#8221; da_alt_close=&#8221;off&#8221; da_dark_close=&#8221;off&#8221; da_not_modal=&#8221;on&#8221; da_is_singular=&#8221;off&#8221; da_with_loader=&#8221;off&#8221; da_has_shadow=&#8221;on&#8221;][et_pb_row _builder_version=&#8221;4.16&#8243; locked=&#8221;off&#8221; global_colors_info=&#8221;{}&#8221;][et_pb_column type=&#8221;4_4&#8243; _builder_version=&#8221;4.16&#8243; custom_padding=&#8221;|||&#8221; global_colors_info=&#8221;{}&#8221; custom_padding__hover=&#8221;|||&#8221;][et_pb_text admin_label=&#8221;Title&#8221; _builder_version=&#8221;4.16&#8243; header_2_font=&#8221;Quattrocento||||||||&#8221; header_2_font_size=&#8221;60px&#8221; header_2_line_height=&#8221;1.3em&#8221; text_orientation=&#8221;center&#8221; custom_margin=&#8221;||10px|&#8221; animation_style=&#8221;fade&#8221; animation_direction=&#8221;left&#8221; animation_starting_opacity=&#8221;100%&#8221; header_2_font_size_tablet=&#8221;40px&#8221; header_2_font_size_phone=&#8221;&#8221; header_2_font_size_last_edited=&#8221;on|tablet&#8221; global_colors_info=&#8221;{}&#8221;]<\/p>\n<h2>Aktuellt just nu<\/h2>\n<p>[\/et_pb_text][et_pb_text admin_label=&#8221;Subtitle&#8221; _builder_version=&#8221;4.18.0&#8243; text_line_height=&#8221;2.2em&#8221; text_orientation=&#8221;center&#8221; max_width=&#8221;700px&#8221; module_alignment=&#8221;center&#8221; animation_style=&#8221;fade&#8221; animation_direction=&#8221;left&#8221; animation_starting_opacity=&#8221;100%&#8221; global_colors_info=&#8221;{}&#8221;]<\/p>\n<p>Dessa produkter g\u00e5r att best\u00e4lla just nu.<\/p>\n<p>[\/et_pb_text][\/et_pb_column][\/et_pb_row][et_pb_row _builder_version=&#8221;4.16&#8243; custom_margin=&#8221;20px|||&#8221; custom_padding=&#8221;|||&#8221; locked=&#8221;off&#8221; global_colors_info=&#8221;{}&#8221;][et_pb_column type=&#8221;4_4&#8243; _builder_version=&#8221;4.16&#8243; custom_padding=&#8221;|||&#8221; global_colors_info=&#8221;{}&#8221; custom_padding__hover=&#8221;|||&#8221;][et_pb_shop type=&#8221;product_category&#8221; posts_number=&#8221;9&#8243; include_categories=&#8221;25,20,22,33,36,35&#8243; columns_number=&#8221;3&#8243; orderby=&#8221;price&#8221; icon_hover_color=&#8221;#000000&#8243; hover_overlay_color=&#8221;rgba(224,212,190,0.34)&#8221; show_rating=&#8221;off&#8221; show_sale_badge=&#8221;off&#8221; _builder_version=&#8221;4.27.4&#8243; title_font=&#8221;Quattrocento||||||||&#8221; title_font_size=&#8221;20px&#8221; title_line_height=&#8221;1.2em&#8221; price_font=&#8221;Quattrocento||||||||&#8221; price_text_color=&#8221;#93b786&#8243; price_font_size=&#8221;18px&#8221; text_orientation=&#8221;center&#8221; animation_style=&#8221;fade&#8221; hover_enabled=&#8221;0&#8243; box_shadow_style_image=&#8221;preset3&#8243; box_shadow_vertical_image=&#8221;60px&#8221; box_shadow_blur_image=&#8221;120px&#8221; box_shadow_spread_image=&#8221;-35px&#8221; box_shadow_color_image=&#8221;rgba(63,63,31,0.3)&#8221; locked=&#8221;off&#8221; global_colors_info=&#8221;{}&#8221; sticky_enabled=&#8221;0&#8243;][\/et_pb_shop][et_pb_button button_url=&#8221;\/butik&#8221; button_text=&#8221;Se alla produkter&#8221; button_alignment=&#8221;center&#8221; disabled_on=&#8221;on|on|on&#8221; _builder_version=&#8221;4.18.0&#8243; custom_button=&#8221;on&#8221; button_text_size=&#8221;14px&#8221; button_bg_color=&#8221;#93b786&#8243; button_border_width=&#8221;12px&#8221; button_border_color=&#8221;#93b786&#8243; button_border_radius=&#8221;0px&#8221; button_letter_spacing=&#8221;4px&#8221; button_font=&#8221;Nunito Sans|700||on|||||&#8221; button_icon=&#8221;&#x24;||divi||400&#8243; background_layout=&#8221;dark&#8221; custom_margin=&#8221;|||&#8221; animation_style=&#8221;slide&#8221; animation_direction=&#8221;top&#8221; animation_intensity_slide=&#8221;3%&#8221; animation_starting_opacity=&#8221;100%&#8221; hover_enabled=&#8221;0&#8243; disabled=&#8221;on&#8221; locked=&#8221;off&#8221; global_colors_info=&#8221;{}&#8221; button_text_size__hover_enabled=&#8221;off&#8221; button_one_text_size__hover_enabled=&#8221;off&#8221; button_two_text_size__hover_enabled=&#8221;off&#8221; button_text_color__hover_enabled=&#8221;off&#8221; button_one_text_color__hover_enabled=&#8221;off&#8221; button_two_text_color__hover_enabled=&#8221;off&#8221; button_border_width__hover_enabled=&#8221;off&#8221; button_one_border_width__hover_enabled=&#8221;off&#8221; button_two_border_width__hover_enabled=&#8221;off&#8221; button_border_color__hover_enabled=&#8221;off&#8221; button_one_border_color__hover_enabled=&#8221;off&#8221; button_two_border_color__hover_enabled=&#8221;off&#8221; button_border_radius__hover_enabled=&#8221;off&#8221; button_one_border_radius__hover_enabled=&#8221;off&#8221; button_two_border_radius__hover_enabled=&#8221;off&#8221; button_letter_spacing__hover_enabled=&#8221;off&#8221; button_one_letter_spacing__hover_enabled=&#8221;off&#8221; button_two_letter_spacing__hover_enabled=&#8221;off&#8221; button_bg_color__hover_enabled=&#8221;off&#8221; button_one_bg_color__hover_enabled=&#8221;off&#8221; button_two_bg_color__hover_enabled=&#8221;off&#8221; sticky_enabled=&#8221;0&#8243;][\/et_pb_button][\/et_pb_column][\/et_pb_row][\/et_pb_section][et_pb_section fb_built=&#8221;1&#8243; admin_label=&#8221;New Arrivals Section&#8221; _builder_version=&#8221;4.16&#8243; custom_padding=&#8221;120px|0px|120px|0px&#8221; da_disable_devices=&#8221;off|off|off&#8221; locked=&#8221;off&#8221; global_colors_info=&#8221;{}&#8221; da_is_popup=&#8221;off&#8221; da_exit_intent=&#8221;off&#8221; da_has_close=&#8221;on&#8221; da_alt_close=&#8221;off&#8221; da_dark_close=&#8221;off&#8221; da_not_modal=&#8221;on&#8221; da_is_singular=&#8221;off&#8221; da_with_loader=&#8221;off&#8221; da_has_shadow=&#8221;on&#8221;][et_pb_row disabled_on=&#8221;off|off|off&#8221; _builder_version=&#8221;4.19.0&#8243; global_colors_info=&#8221;{}&#8221;][et_pb_column type=&#8221;4_4&#8243; _builder_version=&#8221;4.16&#8243; custom_padding=&#8221;|||&#8221; global_colors_info=&#8221;{}&#8221; custom_padding__hover=&#8221;|||&#8221;][et_pb_text admin_label=&#8221;Title&#8221; _builder_version=&#8221;4.19.0&#8243; header_line_height=&#8221;1.2em&#8221; header_2_font=&#8221;Quattrocento||||||||&#8221; header_2_font_size=&#8221;60px&#8221; header_2_line_height=&#8221;1.3em&#8221; text_orientation=&#8221;center&#8221; custom_margin=&#8221;||10px|&#8221; animation_style=&#8221;fade&#8221; animation_direction=&#8221;left&#8221; animation_starting_opacity=&#8221;100%&#8221; header_2_font_size_tablet=&#8221;40px&#8221; header_2_font_size_phone=&#8221;&#8221; header_2_font_size_last_edited=&#8221;on|tablet&#8221; global_colors_info=&#8221;{}&#8221;]<\/p>\n<h2>Vad \u00e4r uppt\u00e4ckande bibell\u00e4sning?<\/h2>\n<p>[\/et_pb_text][et_pb_text admin_label=&#8221;Subtitle&#8221; _builder_version=&#8221;4.19.0&#8243; text_line_height=&#8221;2.2em&#8221; max_width=&#8221;850px&#8221; module_alignment=&#8221;center&#8221; animation_style=&#8221;fade&#8221; animation_direction=&#8221;left&#8221; animation_starting_opacity=&#8221;100%&#8221; global_colors_info=&#8221;{}&#8221;]<\/p>\n<p>Uppt\u00e4ckande bibell\u00e4sning (UBL) \u00e4r ett enkelt s\u00e4tt att l\u00e4sa Bibeln p\u00e5, antingen sj\u00e4lv eller tillsammans med andra. Fr\u00e5gorna som finns i materialen \u00e4r till f\u00f6r att hj\u00e4lpa oss att t\u00e4nka till kring vad det \u00e4r vi faktiskt l\u00e4ser.<span class=\"Apple-converted-space\">\u00a0<\/span><\/p>\n<p>De hj\u00e4lper oss att stanna upp kring vad vi kan l\u00e4ra oss b\u00e5de om Gud och om oss sj\u00e4lva genom det vi l\u00e4ser. Fr\u00e5gorna uppmuntrar oss ocks\u00e5 till att f\u00f6lja Jesus och dela det vi h\u00f6rt och l\u00e4st vidare till andra.<span class=\"Apple-converted-space\">\u00a0<\/span><\/p>\n<p>Internationellt brukar metoden kallas \u00adDiscovery Bible Study (DBS).<span class=\"Apple-converted-space\">\u00a0<\/span><\/p>\n<p>L\u00e4s g\u00e4rna v\u00e5ra DBS-h\u00e4ften tillsammans med andra, en bra storlek p\u00e5 en grupp som l\u00e4ser och pratar tillsammans om det man l\u00e4st \u00e4r 2-10 personer.<span class=\"Apple-converted-space\">\u00a0<\/span><\/p>\n<p>Man kan vara fler, men det \u00e4r bra att inte vara en allt f\u00f6r stor grupp.<span class=\"Apple-converted-space\">\u00a0<\/span><\/p>\n<h2>Hur ett tillf\u00e4lle g\u00e5r till:<\/h2>\n<ul>\n<li>L\u00e4s bibeltexten tillsammans.<\/li>\n<li>Anv\u00e4nd QR-koden f\u00f6r att titta och lyssna p\u00e5 bibeltexten via Lumo-\u00adproject.<\/li>\n<li>L\u00e4gg ifr\u00e5n er Bibeln, datorn och telefonerna och ber\u00e4tta f\u00f6r varandra vad ni precis l\u00e4st, lyssnat och tittat p\u00e5.<\/li>\n<li>Anv\u00e4nd fr\u00e5gorna som finns i h\u00e4ftet f\u00f6r att forts\u00e4tta samtalet.<span class=\"Apple-converted-space\">\u00a0<\/span><\/li>\n<li>Avsluta med att be f\u00f6r varandra.<span class=\"Apple-converted-space\">\u00a0<\/span><\/li>\n<\/ul>\n<p>N\u00e4r vi l\u00e4ser ordet tillsammans och delar v\u00e5ra tankar \u00e4r vi \u00f6ppna f\u00f6r att Den Helige Ande visar oss och l\u00e4r oss nya saker om vem Jesus \u00e4r. Vi tror ocks\u00e5 att Den Helige Ande kommer att tala till oss och uppmuntra oss att f\u00f6lja Jesus och g\u00f6ra det som han s\u00e4ger och visar oss. Det \u00e4r anledningen till att vi st\u00e4ller fr\u00e5gan \u201dFinns det n\u00e5got jag beh\u00f6ver f\u00f6r\u00e4ndra?\u201d. Anledning till att vi st\u00e4ller fr\u00e5gan \u201dFinns det n\u00e5gon jag skulle kunna ber\u00e4tta detta f\u00f6r?\u201d \u00e4r f\u00f6r att Jesus sa: Det ni har f\u00e5tt som g\u00e5va, ge det vidare som g\u00e5va.<span class=\"Apple-converted-space\">\u00a0<\/span><\/p>\n<p>Vi uppmuntrar er att fr\u00e5ga varandra n\u00e4r ni m\u00f6ts n\u00e4sta g\u00e5ng, hur det har g\u00e5tt med saker som man ville f\u00f6r\u00e4ndra och hur det gick att ber\u00e4tta vidare det man l\u00e4st.<span class=\"Apple-converted-space\">\u00a0<\/span>Detta f\u00f6r att hj\u00e4lpa varandra att v\u00e4xa i efterf\u00f6ljelse och i att dela vidare. Vissa tillf\u00e4llen kommer man k\u00e4nna att det har g\u00e5tt bra och vid andra tillf\u00e4llen har det kanske g\u00e5tt mindre bra. Vi tror att vi v\u00e4xer n\u00e4r vi v\u00e5gar dela v\u00e5ra erfarenheter med varandra och hj\u00e4lper varandra att inte ge upp, be tillsammans och uppmuntra varandra att g\u00f6ra nya f\u00f6rs\u00f6k.<span class=\"Apple-converted-space\">\u00a0<\/span><\/p>\n<p>[\/et_pb_text][\/et_pb_column][\/et_pb_row][et_pb_row column_structure=&#8221;1_3,1_3,1_3&#8243; disabled_on=&#8221;on|on|on&#8221; _builder_version=&#8221;4.19.0&#8243; max_width=&#8221;1440px&#8221; custom_margin=&#8221;20px|||&#8221; custom_padding=&#8221;|||&#8221; use_custom_width=&#8221;on&#8221; custom_width_px=&#8221;1440px&#8221; disabled=&#8221;on&#8221; locked=&#8221;off&#8221; global_colors_info=&#8221;{}&#8221;][et_pb_column type=&#8221;1_3&#8243; _builder_version=&#8221;4.16&#8243; custom_padding=&#8221;|||&#8221; global_colors_info=&#8221;{}&#8221; custom_padding__hover=&#8221;|||&#8221;][et_pb_blurb title=&#8221;Guds vishet&#8221; image=&#8221;https:\/\/pursuit.se\/wp-content\/uploads\/2022\/09\/BoF-Guds_visdom-front.png&#8221; alt=&#8221;Bibelstudieplan; Guds vishet&#8221; _builder_version=&#8221;4.18.0&#8243; header_font=&#8221;Quattrocento||||||||&#8221; header_text_color=&#8221;rgba(0,0,0,0.4)&#8221; header_line_height=&#8221;2.2em&#8221; text_orientation=&#8221;center&#8221; animation=&#8221;right&#8221; global_colors_info=&#8221;{}&#8221;]<\/p>\n<p>Bibelstudium om Guds vishet f\u00f6r 21 dagar.<\/p>\n<p>Framtagen som bibell\u00e4sningsplan f\u00f6r 21 dagars b\u00f6n- och fasteperiod men kan ocks\u00e5 anv\u00e4ndas som bibelstudium i sm\u00e5grupper. Daglig l\u00e4sning f\u00f6r egen andakt med tillh\u00f6rande fr\u00e5gor blandat med affirmationer och djupdykningar \/ belysningar inom \u00e4mnen.<\/p>\n<p>[\/et_pb_blurb][\/et_pb_column][et_pb_column type=&#8221;1_3&#8243; _builder_version=&#8221;4.16&#8243; custom_padding=&#8221;|||&#8221; global_colors_info=&#8221;{}&#8221; custom_padding__hover=&#8221;|||&#8221;][et_pb_blurb title=&#8221;Apostlag\u00e4rningarna&#8221; image=&#8221;https:\/\/pursuit.se\/wp-content\/uploads\/2022\/09\/Bibelstudie-Apg-front.png&#8221; alt=&#8221;Bibelstudieh\u00e4fte Apgostlag\u00e4rningarna&#8221; _builder_version=&#8221;4.18.0&#8243; header_font=&#8221;Quattrocento||||||||&#8221; header_text_color=&#8221;rgba(0,0,0,0.4)&#8221; header_line_height=&#8221;2.2em&#8221; text_orientation=&#8221;center&#8221; animation=&#8221;off&#8221; locked=&#8221;off&#8221; global_colors_info=&#8221;{}&#8221;]<\/p>\n<p>Bibelstudieh\u00e4fte med fokus p\u00e5 Apostlag\u00e4rningarna.<\/p>\n<p>Uppt\u00e4ck evangeliet tillsammans, h\u00e4ftet inneh\u00e5ller material f\u00f6r 9 tillf\u00e4llen. L\u00e4s texten, svara p\u00e5 och diskutera fr\u00e5gorna.\u00a0<span>Vi anv\u00e4nt det i sm\u00e5grupper under sommaren. Men det kan anv\u00e4ndas i sm\u00e5 grupper \u00e5ret runt.\u00a0<\/span><\/p>\n<p>[\/et_pb_blurb][\/et_pb_column][et_pb_column type=&#8221;1_3&#8243; _builder_version=&#8221;4.16&#8243; custom_padding=&#8221;|||&#8221; global_colors_info=&#8221;{}&#8221; custom_padding__hover=&#8221;|||&#8221;][et_pb_blurb title=&#8221;Bergspredikan&#8221; image=&#8221;https:\/\/pursuit.se\/wp-content\/uploads\/2022\/09\/Bibelstudie-Bergspredikan-front.png&#8221; alt=&#8221;Bibelstudieh\u00e4fte delar av bergspredikan&#8221; _builder_version=&#8221;4.18.0&#8243; header_font=&#8221;Quattrocento||||||||&#8221; header_text_color=&#8221;rgba(0,0,0,0.4)&#8221; header_line_height=&#8221;2.2em&#8221; text_orientation=&#8221;center&#8221; animation=&#8221;left&#8221; locked=&#8221;off&#8221; global_colors_info=&#8221;{}&#8221;]<\/p>\n<p>Bibelstudieh\u00e4fte med fokus p\u00e5 Bergspredikan.<\/p>\n<p>Uppt\u00e4ck evangeliet tillsammans, h\u00e4ftet inneh\u00e5ller material f\u00f6r 7 tillf\u00e4llen. L\u00e4s texten, svara p\u00e5 och diskutera fr\u00e5gorna.\u00a0<span>Vi anv\u00e4nt det i sm\u00e5grupper under sommaren. Men det kan anv\u00e4ndas i sm\u00e5 grupper \u00e5ret runt.<\/span><\/p>\n<p>[\/et_pb_blurb][\/et_pb_column][\/et_pb_row][et_pb_row disabled_on=&#8221;on|on|on&#8221; _builder_version=&#8221;4.19.0&#8243; custom_margin=&#8221;20px|||&#8221; custom_padding=&#8221;|||&#8221; disabled=&#8221;on&#8221; global_colors_info=&#8221;{}&#8221;][et_pb_column type=&#8221;4_4&#8243; _builder_version=&#8221;4.16&#8243; custom_padding=&#8221;|||&#8221; global_colors_info=&#8221;{}&#8221; custom_padding__hover=&#8221;|||&#8221;][et_pb_button button_url=&#8221;mailto:hej@pursuit.se&#8221; button_text=&#8221;Anm\u00e4l intresse f\u00f6r kommande h\u00e4ften&#8221; button_alignment=&#8221;center&#8221; _builder_version=&#8221;4.18.0&#8243; custom_button=&#8221;on&#8221; button_text_size=&#8221;14px&#8221; button_bg_color=&#8221;#93b786&#8243; button_border_width=&#8221;12px&#8221; button_border_color=&#8221;#93b786&#8243; button_border_radius=&#8221;0px&#8221; button_letter_spacing=&#8221;4px&#8221; button_font=&#8221;Nunito Sans|700||on|||||&#8221; button_icon=&#8221;&#x24;||divi||400&#8243; background_layout=&#8221;dark&#8221; custom_margin=&#8221;|||&#8221; animation_style=&#8221;slide&#8221; animation_direction=&#8221;top&#8221; animation_intensity_slide=&#8221;3%&#8221; animation_starting_opacity=&#8221;100%&#8221; locked=&#8221;off&#8221; global_colors_info=&#8221;{}&#8221; button_text_size__hover_enabled=&#8221;off&#8221; button_one_text_size__hover_enabled=&#8221;off&#8221; button_two_text_size__hover_enabled=&#8221;off&#8221; button_text_color__hover_enabled=&#8221;off&#8221; button_one_text_color__hover_enabled=&#8221;off&#8221; button_two_text_color__hover_enabled=&#8221;off&#8221; button_border_width__hover_enabled=&#8221;off&#8221; button_one_border_width__hover_enabled=&#8221;off&#8221; button_two_border_width__hover_enabled=&#8221;off&#8221; button_border_color__hover_enabled=&#8221;off&#8221; button_one_border_color__hover_enabled=&#8221;off&#8221; button_two_border_color__hover_enabled=&#8221;off&#8221; button_border_radius__hover_enabled=&#8221;off&#8221; button_one_border_radius__hover_enabled=&#8221;off&#8221; button_two_border_radius__hover_enabled=&#8221;off&#8221; button_letter_spacing__hover_enabled=&#8221;off&#8221; button_one_letter_spacing__hover_enabled=&#8221;off&#8221; button_two_letter_spacing__hover_enabled=&#8221;off&#8221; button_bg_color__hover_enabled=&#8221;off&#8221; button_one_bg_color__hover_enabled=&#8221;off&#8221; button_two_bg_color__hover_enabled=&#8221;off&#8221;][\/et_pb_button][\/et_pb_column][\/et_pb_row][\/et_pb_section][et_pb_section fb_built=&#8221;1&#8243; admin_label=&#8221;Subscription Section&#8221; _builder_version=&#8221;4.16&#8243; background_image=&#8221;https:\/\/pursuit.se\/wp-content\/uploads\/2022\/09\/tea_shop_42.jpg&#8221; background_position=&#8221;bottom_right&#8221; custom_padding=&#8221;|||&#8221; da_disable_devices=&#8221;off|off|off&#8221; global_colors_info=&#8221;{}&#8221; da_is_popup=&#8221;off&#8221; da_exit_intent=&#8221;off&#8221; da_has_close=&#8221;on&#8221; da_alt_close=&#8221;off&#8221; da_dark_close=&#8221;off&#8221; da_not_modal=&#8221;on&#8221; da_is_singular=&#8221;off&#8221; da_with_loader=&#8221;off&#8221; da_has_shadow=&#8221;on&#8221;][et_pb_row admin_label=&#8221;Row&#8221; _builder_version=&#8221;4.16&#8243; locked=&#8221;off&#8221; global_colors_info=&#8221;{}&#8221;][et_pb_column type=&#8221;4_4&#8243; _builder_version=&#8221;4.16&#8243; custom_padding=&#8221;|||&#8221; global_colors_info=&#8221;{}&#8221; custom_padding__hover=&#8221;|||&#8221;][et_pb_text admin_label=&#8221;Title&#8221; _builder_version=&#8221;4.18.0&#8243; header_line_height=&#8221;1.2em&#8221; header_2_font=&#8221;Quattrocento||||||||&#8221; header_2_font_size=&#8221;60px&#8221; header_2_line_height=&#8221;1.3em&#8221; text_orientation=&#8221;center&#8221; custom_margin=&#8221;||10px|&#8221; animation_style=&#8221;fade&#8221; animation_direction=&#8221;left&#8221; animation_starting_opacity=&#8221;100%&#8221; header_2_font_size_tablet=&#8221;40px&#8221; header_2_font_size_phone=&#8221;&#8221; header_2_font_size_last_edited=&#8221;on|tablet&#8221; global_colors_info=&#8221;{}&#8221;]<\/p>\n<h2>Vi vill med hela hj\u00e4rtat f\u00f6lja Jesus och\u00a0l\u00e5ta Guds rike ta plats i hela livet.<\/h2>\n<p>[\/et_pb_text][\/et_pb_column][\/et_pb_row][\/et_pb_section][et_pb_section fb_built=&#8221;1&#8243; _builder_version=&#8221;4.18.0&#8243; use_background_color_gradient=&#8221;on&#8221; background_color_gradient_stops=&#8221;#ffffff 0%|rgba(255,255,255,0) 100%&#8221; background_color_gradient_overlays_image=&#8221;on&#8221; background_color_gradient_start=&#8221;#ffffff&#8221; background_color_gradient_end=&#8221;rgba(255,255,255,0)&#8221; background_image=&#8221;https:\/\/pursuit.se\/wp-content\/uploads\/2022\/09\/produkter-bottom.jpg&#8221; background_position=&#8221;top_center&#8221; custom_padding=&#8221;20%|0px|120px|0px&#8221; da_disable_devices=&#8221;off|off|off&#8221; global_colors_info=&#8221;{}&#8221; da_is_popup=&#8221;off&#8221; da_exit_intent=&#8221;off&#8221; da_has_close=&#8221;on&#8221; da_alt_close=&#8221;off&#8221; da_dark_close=&#8221;off&#8221; da_not_modal=&#8221;on&#8221; da_is_singular=&#8221;off&#8221; da_with_loader=&#8221;off&#8221; da_has_shadow=&#8221;on&#8221;][et_pb_row _builder_version=&#8221;4.16&#8243; global_colors_info=&#8221;{}&#8221;][et_pb_column type=&#8221;4_4&#8243; _builder_version=&#8221;4.16&#8243; custom_padding=&#8221;|||&#8221; global_colors_info=&#8221;{}&#8221; custom_padding__hover=&#8221;|||&#8221;][\/et_pb_column][\/et_pb_row][\/et_pb_section]<\/p>\n","protected":false},"excerpt":{"rendered":"<p>ProdukterAktuellt just nuDessa produkter g\u00e5r att best\u00e4lla just nu.Vad \u00e4r uppt\u00e4ckande bibell\u00e4sning?Uppt\u00e4ckande bibell\u00e4sning (UBL) \u00e4r ett enkelt s\u00e4tt att l\u00e4sa Bibeln p\u00e5, antingen sj\u00e4lv eller tillsammans med andra. Fr\u00e5gorna som finns i materialen \u00e4r till f\u00f6r att hj\u00e4lpa oss att t\u00e4nka till kring vad det \u00e4r vi faktiskt l\u00e4ser.\u00a0 De hj\u00e4lper oss att stanna upp [&hellip;]<\/p>\n","protected":false},"author":1,"featured_media":0,"parent":0,"menu_order":0,"comment_status":"closed","ping_status":"closed","template":"","meta":{"_et_pb_use_builder":"on","_et_pb_old_content":"","_et_gb_content_width":"","footnotes":""},"class_list":["post-47","page","type-page","status-publish","hentry"],"_links":{"self":[{"href":"https:\/\/pursuit.se\/index.php?rest_route=\/wp\/v2\/pages\/47","targetHints":{"allow":["GET"]}}],"collection":[{"href":"https:\/\/pursuit.se\/index.php?rest_route=\/wp\/v2\/pages"}],"about":[{"href":"https:\/\/pursuit.se\/index.php?rest_route=\/wp\/v2\/types\/page"}],"author":[{"embeddable":true,"href":"https:\/\/pursuit.se\/index.php?rest_route=\/wp\/v2\/users\/1"}],"replies":[{"embeddable":true,"href":"https:\/\/pursuit.se\/index.php?rest_route=%2Fwp%2Fv2%2Fcomments&post=47"}],"version-history":[{"count":30,"href":"https:\/\/pursuit.se\/index.php?rest_route=\/wp\/v2\/pages\/47\/revisions"}],"predecessor-version":[{"id":394,"href":"https:\/\/pursuit.se\/index.php?rest_route=\/wp\/v2\/pages\/47\/revisions\/394"}],"wp:attachment":[{"href":"https:\/\/pursuit.se\/index.php?rest_route=%2Fwp%2Fv2%2Fmedia&parent=47"}],"curies":[{"name":"wp","href":"https:\/\/api.w.org\/{rel}","templated":true}]}}